?
0
Suppose -34*c + 13*c + 24759 = 0. What is the hundreds digit of c?
1
Suppose 3*l - 9 = -3*g, l = -2*g - 3*l + 4. Let r = g - -49. What is the tens digit of r?
5
What is the tens digit of 11517*(-8)/(-24) - -11?
5
Suppose 3*m = 2*a - 4*a + 754, 3*a - 1157 = 2*m. What is the units digit of a?
3
Let f(m) = -46*m - 2. Let n(h) = -4*h**2 - 28*h - 1. Let g be n(-7). What is the units digit of f(g)?
4
Let q = -807 - -2250. What is the tens digit of q?
4
Let w = 63 + -142. Let k = 169 - w. What is the hundreds digit of k?
2
Suppose 5*n - 473 + 113 = 0. Let l = 114 - n. What is the tens digit of l?
4
Let o(f) = f**3 - 6*f**2 + 8. Let b be o(6). Suppose -5*r = 5*p + 5, 7*p - 3*p + 2 = -2*r. Let w = b - p. What is the units digit of w?
8
Let w(j) = -523*j - 6. Let s be w(3). Let q = -1010 - s. What is the units digit of (-2)/8 - q/(-20)?
8
Suppose 0*t - t + 3 = 0. Suppose t*f + 480 = 11*f. What is the units digit of f?
0
Let b(t) = -4*t + 15. Suppose 0 = -2*x + 11*x + 117. What is the tens digit of b(x)?
6
Let s(z) = z**2 + 10*z + 5. Let l be s(-11). Suppose v + 7 = -k - 2*v, -4*k + l = v. What is the units digit of k?
5
Let x be (0 - -8) + 0 + -4. What is the units digit of 4*(-33)/(-2) + x?
0
Let q(j) = -8*j - 21. Let w be q(-10). Suppose w = 3*i + 2. What is the tens digit of i?
1
Let y(t) = t**3 + 15*t**2 - 4*t - 30. What is the units digit of y(-11)?
8
Suppose 3*z = 2*y + y - 9, -2*y - z = -12. Suppose -y*t + 50 = 5*a, -3*a = 2*a + 3*t - 48. What is the units digit of a?
9
Let r(i) = -i**3 - 10*i**2 - 10*i - 5. Let x be r(-9). Suppose 0 = -0*c + x*c - 16. Suppose 0 = c*q - 70 - 18. What is the units digit of q?
2
Suppose 14 = 5*x - 5*s + 4*s, 5*x + s - 16 = 0. Let f be -3 + x + 1 - -2. Suppose 0 = 7*w - f*w - 36. What is the units digit of w?
9
Let y = -733 + 1169. What is the hundreds digit of y?
4
Let n(q) = -q**3 - 6*q**2 - 26*q + 5. What is the hundreds digit of n(-10)?
6
Suppose 5*r + 17 = -3*z + 42, -4*z = -5*r - 10. Let n = 130 - 31. Suppose -i = r*i - n. What is the tens digit of i?
3
Let s be (-25)/(-9) + (-34)/(-153). Let q(j) = j**2 - j - 4. Let r be q(s). What is the tens digit of (-6)/r - -4*17?
6
Suppose -d - 117 = -2*z + 322, 4*z = -d + 887. What is the tens digit of z?
2
Let b = -39 + 45. Let a(h) = 34*h - 28. What is the hundreds digit of a(b)?
1
Let u(c) = 4*c**2 - 2*c - 9. Let a = 0 + -3. What is the tens digit of u(a)?
3
Let m be (7 - 4) + (17 - 2). Let w = -14 + m. What is the units digit of 4*(-3 + 14/w)?
2
Let v be 3*5/(-6)*-2. Suppose 5*l - 159 + 26 = o, -v*l + 143 = 4*o. Let m = 23 + l. What is the tens digit of m?
5
Let d = 67 - 64. Suppose -8*m + 630 = -d*m. What is the units digit of m?
6
Let w = 36 - 33. Let c(m) = 2*m**3 - 3*m**2 + 4*m - 6. What is the tens digit of c(w)?
3
Suppose 84 = -0*i + 7*i. Let k(p) = p**3 - 13*p**2 + 17*p + 3. What is the units digit of k(i)?
3
Let r(v) be the first derivative of v**2/2 - 11*v - 4. Let s be r(8). Let i = 11 - s. What is the units digit of i?
4
Let y be ((-2)/(-3))/(4/(-42)). Let n = y + 10. What is the units digit of (6/n)/(-4)*-60?
0
Let c(l) = 563*l - 54. What is the hundreds digit of c(3)?
6
Let l(p) = 2*p + 91*p**2 - 60*p**2 - 2*p. What is the tens digit of l(-1)?
3
What is the units digit of (-2 - (-42065)/10) + 21/(-6)?
1
Let z(q) = q - 6. Let t be z(3). Let w(v) = 4*v**2 + v - 3. Let k be w(t). Suppose 5*b - 103 = -4*j, -j + k = -5*b + 2*b. What is the units digit of j?
7
Suppose 0 = -4*c + 20 - 0. Suppose -2*u = w - 12, 4*u - 8 = c*w + 2. Suppose -49 = -u*n - 9. What is the units digit of n?
8
Let b(m) = m**2 - 29*m + 21. Let f be b(11). Let c = f - -257. What is the units digit of c?
0
Suppose 7*m + 12 = 3*m. Let j(o) = -3*o**3 + o**3 + 45*o - o**2 - 42*o. What is the tens digit of j(m)?
3
Let q(t) be the second derivative of -23*t**3/6 - 5*t**2/2 + 11*t. What is the tens digit of q(-4)?
8
Suppose 5*w = 2*w, -3*w - 6168 = -4*d. What is the tens digit of d?
4
Let f(s) = s**2 + 5*s. Let t = 19 - 24. Let w be f(t). Suppose 0 = -w*j - j + 35. What is the tens digit of j?
3
Suppose 13*v - 5747 = 62880. What is the tens digit of v?
7
Let y(x) be the third derivative of 1/60*x**5 - 12*x**2 + 2/3*x**4 + 0 + 0*x - x**3. What is the tens digit of y(-18)?
3
Let s be (-74)/(-4) + (-6)/(-4). Let x be ((-15)/s)/((-2)/8). Suppose x = -0*q + q, j - 9 = 3*q. What is the tens digit of j?
1
Let b(r) = -r**3 - 2*r**2 + 4*r + 628. What is the hundreds digit of b(0)?
6
Suppose -v - 6*v = 84. Let c = v + 0. Let z = 21 + c. What is the units digit of z?
9
Suppose 545*s - 543*s - 8252 = 0. What is the tens digit of s?
2
Suppose -3*z - 461 = -2*u - 2*z, u = 4*z + 213. What is the hundreds digit of u?
2
Let t(w) = 2*w**2 - w - 2. Let y be t(2). Suppose -18 - 14 = -h - y*r, -208 = -5*h - 4*r. What is the units digit of h?
4
Suppose 14*b = 6*b + 2360. What is the hundreds digit of b?
2
Suppose -u - u + 112 = 0. Suppose 0*f = -2*h - f + u, 0 = -h - f + 30. What is the tens digit of h?
2
Let w(u) = u - 76. Let t be w(0). What is the tens digit of (12/8)/3*0 - t?
7
Suppose 5*x = 11 + 9. Suppose -x = 2*k + 2*k. What is the tens digit of (-10 + 9)/(k/19)?
1
Let s(t) = t**2 - 8*t + 0*t - 8 + 5*t. What is the units digit of s(-7)?
2
Suppose -t + 2294 = 2*w - 132, 5*t - 12155 = -5*w. What is the units digit of t?
6
Let k(v) = 3*v - 24. Let j be k(9). Suppose 3*x = 2*g + 154, 3*x + j*g = 6*g + 156. What is the tens digit of x?
5
Suppose 0 = -5*m - 5, -3*m + 134 = 4*y - 119. What is the units digit of (y/12)/4*3?
4
Let c = 44 + -45. What is the units digit of (-1 + c + 1)*3/(-1)?
3
Let t(p) = p + 4. Let x be t(-12). What is the units digit of 278/8 + (-2)/x?
5
Let c(p) = -p**3 + 12*p**2 + 15*p + 15. Let y(a) = -a - a**3 + 9 + a**2 + a + 4. Let g be y(0). What is the units digit of c(g)?
1
What is the units digit of -8 - -6 - (-557 + -8)?
3
Let s(r) = -r**3 - r**2 + 2*r + 1. Let i be s(0). Let c(o) = -60*o - 1. Let p be c(i). What is the units digit of (3 + 0 - p) + -3?
1
Let q(r) = -r**2 - 12*r - 12. Suppose -33 = -7*k - 89. What is the units digit of q(k)?
0
Let r(a) be the first derivative of -a**2/2 - 8*a + 7. Let u be r(-10). Suppose t = u*t + 3, j - 22 = -5*t. What is the units digit of j?
7
Let n(h) = -h**2 + h + 102. Let x be n(0). Let q = 146 - x. What is the units digit of q?
4
Let p = 2 + 332. What is the tens digit of p?
3
Suppose -2*i - 3*k - 83 = -3*i, 0 = 5*i - 5*k - 395. Let n = i + -45. What is the units digit of n?
2
Let s(m) = m**3 - 12*m**2 + 4*m + 1. Let u be s(5). Let l = -96 - u. What is the units digit of l?
8
Let x be (-616)/(-52) - 6/(-39). Let g = x + 16. Suppose -2*c + 2*p = -g, -4*c - 3*p = -9*c + 62. What is the tens digit of c?
1
Suppose 4*b - 19 = 5*x, 0 = -b - x - 2*x - 8. Let l be -3 - b*(-2 + -4). What is the units digit of 3 + l/(3/5)?
8
Let d = 626 + -303. What is the units digit of d?
3
Let y = 654 - -971. What is the hundreds digit of y?
6
Let u be (-2)/4 - 3/2. Let o = 0 - u. Suppose 6*r = -b + o*r + 1, 2*b - 54 = 5*r. What is the tens digit of b?
1
Suppose 3 = 3*h, -5*u + 1807 = 5*h - 3153. What is the units digit of u?
1
Let q be -6 + 1 - (-2 - 410). Let s = q + -272. What is the tens digit of s?
3
Suppose 2*a - 506 = -0. What is the hundreds digit of a?
2
Let y(c) = -4*c**3 - 11*c**2 + 7*c - 4. What is the tens digit of y(-6)?
2
Let t be (-10)/2 + 3 + -1*52. Let r = -28 - t. What is the tens digit of r?
2
Let n(m) = 1273*m**2 - 6*m + 6. What is the units digit of n(1)?
3
Let r = 5 + 1. Suppose 5*d = -r + 66. Let m = 29 + d. What is the units digit of m?
1
Let r(g) = -174*g**3 + g**2 + 4*g + 3. Let s be r(-1). Suppose -924 + s = -6*l. What is the hundreds digit of l?
1
Let i be ((312 - 2) + 4)*1. Suppose 5*a = 2*a + 6, 4*r + 5*a - i = 0. What is the tens digit of r?
7
Let s(d) = -d**2 + 12*d - 19. Let x = 8 + -5. Suppose -x*w - 3*o = 2*w - 54, -w + 2*o = -3. What is the units digit of s(w)?
8
Suppose 5*a = -f + 51, -5*f - 8*a + 192 = -4*a. Let v(m) = -m**2 - 4*m + 8. Let p be v(-6). What is the tens digit of (1 - (p - -3)) + f?
3
Let f(z) = -23*z - 1. Let o(r) = -r**2 + 12*r - 13. Let h be o(11). What is the units digit of f(h)?
5
Let i = -175 + 409. Let l = i - 108. What is the tens digit of l?
2
Suppose -4*o + b = -0*b - 61, -2*b = 4*o - 46. Let t(u) = -u*